t of u(-2)?
4
Let t = 20 - 14. Suppose -5*f + t = -24. What is the units digit of f?
6
What is the tens digit of (-3)/(-2 + (-30)/(-16))?
2
Let x(t) = 5*t**3 + 17*t**2 + 12*t + 3. Let z(p) = -9*p**3 - 33*p**2 - 23*p - 5. Let h(d) = -7*x(d) - 4*z(d). What is the units digit of h(-12)?
7
Suppose -4*v = 5*u + 15 + 14, v - 4 = u. Let t = v - -3. What is the units digit of t?
2
Let u be ((-2)/(-3))/(2/75). Suppose i = u - 1. Suppose 5*z - i = 2*z. What is the units digit of z?
8
Let b = -4 - 23. Let y = b - -46. What is the units digit of y?
9
Let x = -58 - -28. Let n be (-6)/(-21) - x/(-7). Let d = 7 - n. What is the tens digit of d?
1
Suppose 20 = 2*c - 4*d, 7 = 3*c + 2*d + 1. Let b be c*-2*(-2)/(-4). Let o = b - -20. What is the tens digit of o?
1
Let n = 12 - 1. Suppose 3*l - n = 25. Let v = l + -5. What is the units digit of v?
7
Suppose -3*b - 2*b - 2*p + 97 = 0, b + p = 20. Suppose 0 = -3*o - b + 64. What is the units digit of o?
5
Let i be 1/4*-2*2. Suppose -4*s - k = -41, -2*s - k + 18 = -5. Let f = i + s. What is the units digit of f?
8
Suppose -3*z - 2*c + 71 = -c, -76 = -3*z - 2*c. Let v be 5/15 - z/(-6). What is the units digit of v/3*9/2?
6
Let u(c) = -2*c - 3. Let n be (3 - -1)*20/(-16). What is the units digit of u(n)?
7
Let k be 2/(-8) - 28/16. Let u = k - -16. What is the units digit of u?
4
Suppose 0 = 5*m - 14 - 26. Let f = m + -3. Suppose -f*l - 3 = -2*l, -3 = -4*n - l. What is the units digit of n?
1
Let c(h) = -5*h + 1. Let y = -11 + 8. What is the units digit of c(y)?
6
Suppose -f + 29 = -19. Suppose -52 = 4*c - 8*c + 2*i, -3*c = 3*i - f. Let d = c - 8. What is the units digit of d?
6
Let g(u) be the third derivative of u**5/60 + u**4/24 - u**3/3 + 6*u**2. What is the units digit of g(5)?
8
Suppose -6*b + 626 = -118. What is the tens digit of b?
2
Let q be -2 + (5 - 2 - -7). Let c(o) = o**2 - 7*o - 5. What is the units digit of c(q)?
3
Suppose 3*t + 5*b = b + 592, -t + 5*b = -229. Suppose -8*i + t = -2*i. What is the tens digit of i?
3
Let q = 21 + 59. What is the tens digit of q?
8
Suppose z - 6*z = 0. Suppose z = 10*g - 8*g - 24. What is the units digit of g?
2
Suppose -2 = -4*d + 4*k + 34, d = -5*k - 21. Suppose -4*z + 4 = -d, -4*v - z = -10. Suppose -4*n + v*n = -4. What is the units digit of n?
2
Let r(s) = -s**3 - 6*s**2 - 2*s - 2. Let n be r(-6). Let p = -3 + 3. Let o = n + p. What is the tens digit of o?
1
Suppose -3 - 1 = -4*a. Let t be (-27 + a/1)/(-2). Suppose t = 4*p - 3. What is the units digit of p?
4
Suppose 2*l = 3*r + 32, -r - l - 4 = 5. What is the units digit of 333/45 + (-6)/r?
8
Suppose 5*g - 9*g = -100. What is the tens digit of g?
2
Let i be (-31)/(-3) + (-3)/9. Let q be 4/i + (-8)/(-5). Suppose -z = 3*j - 34, -3*j + 2*z + 23 = -q*j. What is the units digit of j?
3
Suppose 3*d - 31 = -4*h, 5 + 27 = 3*h + 4*d. Suppose q - h*q = -15. Suppose q*i - 3*i = 26. What is the units digit of i?
3
Let i = -72 + 127. What is the units digit of i?
5
Let k = 2 + 2. Suppose k + 2 = 6*y. What is the units digit of y?
1
Suppose -3*s + 4*s = 0. Suppose s*m - 30 = -3*m. What is the tens digit of m?
1
Let p = -225 + 388. What is the units digit of p?
3
Suppose -2*m + 52 + 62 = 0. What is the tens digit of m?
5
Suppose -2*s = f - 0*f, -5*f = 20. Let p(m) = s*m + 1 - 5 - 2. What is the units digit of p(5)?
4
Let r(c) be the first derivative of -c**4/4 - 2*c**3 + 3*c**2/2 + 4*c + 5. What is the tens digit of r(-7)?
3
Suppose 0 = 3*f - 16 - 14. Suppose f = -j + 23. What is the tens digit of j?
1
Let r be (48/(-20))/(3/(-40)). Suppose -m = 3*m - r. What is the units digit of m?
8
Let m(l) = -2*l**3 - 3*l**2 - l - 2. Let p be m(-2). What is the units digit of 36/(-24) - (-26)/p?
5
Let s be 3/(-9) + 13/3. Suppose 0 = h - 5*h, 21 = 3*b + 4*h. Suppose -b = -o - s. What is the units digit of o?
3
Let y(n) = -7*n - 1. Suppose 4*r + 1 = 5. Let h = 0 - r. What is the units digit of y(h)?
6
Suppose -k = 11 + 7. Let v be (-4)/(-22) - k/22. Suppose -r + 2 = -v. What is the units digit of r?
3
Let n(i) = -i + 4. Let o be n(0). Let a(u) = u**2 - 3*u + 3. Let r be a(2). Suppose -r = -4*d + 3*q, 5*q - 2*q - 7 = -o*d. What is the units digit of d?
1
Suppose z - 4*s = 39, -z = -0*z - s - 51. What is the tens digit of z?
5
Suppose -5*k - 1310 = -3*w, 0 = 2*w - k - 2*k - 873. What is the hundreds digit of w?
4
Let g(v) = -21*v - 111. What is the tens digit of g(-21)?
3
Let j(w) = -12*w + 1. Let h be j(1). Let v(l) = -l**3 - 10*l**2 + 6*l + 4. Let i be v(h). What is the tens digit of i/6 - 4/(-24)?
1
Let t = 34 + 2. What is the tens digit of t?
3
Let z be 7/14 - 5/(-2). Suppose -2*o = -5*o + 2*f + 61, 0 = z*f + 6. What is the units digit of o?
9
Let k = 150 + 71. What is the units digit of k?
1
Suppose -5*t + 17 - 7 = 0. Suppose 5*o - 33 = b, t*o - 6 = -0*b + 4*b. Let r(d) = 2*d - 4. What is the tens digit of r(o)?
1
Let x = -18 - -23. Suppose -x*l = 2*b - 5*b - 89, 0 = -3*b - 9. What is the tens digit of l?
1
Let g be -1 + 4/(-2) - -1. Let i = 5 + g. Suppose -i*t + 15 = 3*o - 5*t, -4*t = o - 5. What is the units digit of o?
5
Let m(l) = -l**2 - 4*l. Let v be m(-3). What is the units digit of 35/v + 2/6?
2
Let u be 4*(0 + (-12)/(-8)). Let p be (1/3)/(3/9). Let b = p + u. What is the units digit of b?
7
Let y(x) = -x**3 - 3*x**2 + 3*x. Let h be y(-4). Suppose 0 = -0*s - h*s + 12. Suppose -2*w = 2*j + s*j + 5, 0 = -w - 4*j - 7. What is the units digit of w?
5
Let l = 25 - 21. Suppose 8*u + 5*g = 3*u + 150, 153 = 5*u + l*g. What is the tens digit of u?
3
Suppose u + 1 = 2. Let p = 4 - u. Suppose -3*t + 50 = 2*t + 3*d, 30 = p*t + d. What is the tens digit of t?
1
Let w(j) = -j**3 - 10*j**2 + 7*j - 8. What is the units digit of w(-11)?
6
Let f = -8 + 13. Let g = f + -5. Suppose 4 = 4*w - g*w. What is the units digit of w?
1
Suppose -2 = 5*v - 67. What is the tens digit of v?
1
Let k(h) = -19*h**2 + 56*h**2 - 4 + 6 + 3*h. What is the units digit of k(-1)?
6
Let i = 57 - 22. What is the units digit of i?
5
Let z(r) = -3*r. Suppose 0*q - 2*q = -2. Let p be z(q). Let s = 4 + p. What is the units digit of s?
1
Let w be (-3 - -3 - 4) + 0. Let d(p) be the third derivative of -p**5/60 - p**4/3 - 5*p**3/6 - 3*p**2. What is the tens digit of d(w)?
1
What is the hundreds digit of 102/2*85/15 - -2?
2
What is the units digit of (3/(-2))/(7/(-210))?
5
Let b(v) = v + 3. Let u be b(0). Let a(q) = q**2 - q**u + 7*q + 4 - 7*q. What is the units digit of a(0)?
4
Let r(s) = 3*s + 3. Let c be r(-4). Let w be (-3)/(c/60) + -2. Let p = 25 - w. What is the units digit of p?
7
Let o = -3 + 6. Let s = o - -2. Suppose -s*h + 3*h = -14. What is the units digit of h?
7
Suppose -2*k + 42 = -a, -5*k = -0*k - a - 111. Suppose 0 = u - 2 - k. What is the tens digit of u?
2
Let h(w) = -w + 1 + 2 - w - 5. Let t be h(-5). Suppose -i = -7 - t. What is the units digit of i?
5
Let c(f) = f**3 + 9*f**2 - 15*f - 2. What is the tens digit of c(-10)?
4
Suppose -d + 5*d - 14 = 3*p, -2*p + 29 = 5*d. Suppose 3*z + d = 8*z. What is the units digit of (1 + z)/(3/6)?
4
Let k(j) = 8*j - 2. Let m be k(3). Let b be (-2)/(-9) + m/(-18). Let u = 3 + b. What is the units digit of u?
2
Let h = -4 - 0. Suppose 3*m - f = 5*m - 26, -4*m + f + 40 = 0. Let i = m + h. What is the units digit of i?
7
Suppose -9*q + 637 = 4*q. What is the units digit of q?
9
Let k(h) = -h**3 - 2*h**2 + 7*h. Let t be k(-5). Suppose -f - 4*f = -t. What is the units digit of f?
8
Suppose -389 - 325 = -6*h. What is the tens digit of h?
1
Suppose 256 = 6*j - 74. What is the tens digit of j?
5
Suppose -2*r = 3*r - 345. What is the units digit of r?
9
Let d(n) = -138*n + 1. What is the hundreds digit of d(-1)?
1
Suppose -i + 2*i = 2. Suppose -p + i*p = 0. Let h = p - -4. What is the units digit of h?
4
Suppose -v - 10 = -6*v. Let b be (-6 - -1*v)*-1. Suppose -b*r + 52 = -4*x, 41 = r + r - 5*x. What is the units digit of r?
8
Let g(i) = -17*i**3 - i - 1. Let x be g(-1). Let r = 26 - x. What is the units digit of r?
9
Suppose -42 = -5*g - 2. What is the units digit of g?
8
Let n(t) be the first derivative of -t**2/2 - 8*t + 2. Let l be n(-5). Let k = 10 + l. What is the units digit of k?
7
Suppose 5*i - k = -8 + 40, 2*i - 2*k - 8 = 0. Let l be 1/((-3)/(-6)) + 2. Let r = i - l. What is the units digit of r?
3
Let i(u) = 11*u**2 - 6*u - 